{"id":651,"date":"2018-06-18T13:40:21","date_gmt":"2018-06-18T13:40:21","guid":{"rendered":"http:\/\/www.worldgourmetfestival.asia\/worldgourmetfestival2018\/?page_id=651"},"modified":"2018-08-30T10:01:50","modified_gmt":"2018-08-30T10:01:50","slug":"jose-avillez","status":"publish","type":"page","link":"https:\/\/www.worldgourmetfestival.asia\/worldgourmetfestival2018\/the-chefs\/jose-avillez.html","title":{"rendered":"Jos\u00e9 Avillez"},"content":{"rendered":"<p>Jos\u00e9 was born in Lisbon, growing up near the ocean and pine forests in Cascais. His first professional kitchen experience was in 2001 at Fortaleza do Guincho restaurant, followed by various internships, including in France with Alain Ducasse and \u00c9ric Fr\u00e9chon. In 2006, he interned at elBulli with Ferran Adri\u00e0, as part of its Creativity Department, a period that became a career-changing moment for him. He returned to Portugal and in 2008, became the executive chef at Tavares restaurant in Lisbon, winning a Michelin star the following year. He then opened Belcanto restaurant in 2012, now the holder of two Michelin stars. In 2015, Jos\u00e9 was awarded the title of \u2018Chef of the Year\u2019 by WINE magazine. He now owns several restaurants in Portugal.<\/p>\n","protected":false},"excerpt":{"rendered":"<p>Jos\u00e9 was born in Lisbon, growing up near the ocean and pine forests in Cascais. His first professional kitchen experience was in 2001 at Fortaleza do Guincho restaurant, followed by various internships, including in France with Alain Ducasse and \u00c9ric Fr\u00e9chon. In 2006, he interned at elBulli with Ferran Adri\u00e0, as part of its Creativity &hellip; <\/p>\n<p class=\"link-more\"><a href=\"https:\/\/www.worldgourmetfestival.asia\/worldgourmetfestival2018\/the-chefs\/jose-avillez.html\" class=\"more-link\">Continue reading<span class=\"screen-reader-text\"> &#8220;Jos\u00e9 Avillez&#8221;<\/span><\/a><\/p>\n","protected":false},"author":1,"featured_media":0,"parent":38,"menu_order":3,"comment_status":"closed","ping_status":"closed","template":"base-templates\/t04-chef-profile.php","meta":[],"acf":[],"_links":{"self":[{"href":"https:\/\/www.worldgourmetfestival.asia\/worldgourmetfestival2018\/wp-json\/wp\/v2\/pages\/651"}],"collection":[{"href":"https:\/\/www.worldgourmetfestival.asia\/worldgourmetfestival2018\/wp-json\/wp\/v2\/pages"}],"about":[{"href":"https:\/\/www.worldgourmetfestival.asia\/worldgourmetfestival2018\/wp-json\/wp\/v2\/types\/page"}],"author":[{"embeddable":true,"href":"https:\/\/www.worldgourmetfestival.asia\/worldgourmetfestival2018\/wp-json\/wp\/v2\/users\/1"}],"replies":[{"embeddable":true,"href":"https:\/\/www.worldgourmetfestival.asia\/worldgourmetfestival2018\/wp-json\/wp\/v2\/comments?post=651"}],"version-history":[{"count":0,"href":"https:\/\/www.worldgourmetfestival.asia\/worldgourmetfestival2018\/wp-json\/wp\/v2\/pages\/651\/revisions"}],"up":[{"embeddable":true,"href":"https:\/\/www.worldgourmetfestival.asia\/worldgourmetfestival2018\/wp-json\/wp\/v2\/pages\/38"}],"wp:attachment":[{"href":"https:\/\/www.worldgourmetfestival.asia\/worldgourmetfestival2018\/wp-json\/wp\/v2\/media?parent=651"}],"curies":[{"name":"wp","href":"https:\/\/api.w.org\/{rel}","templated":true}]}}